se 5*d = -o + 12, -2*d + 4*o - 2 = o. Suppose d*z - 1210 = 2*w, 464 = 4*z + w - 1971. What is the hundreds digit of z?
6
Let v = 48 + -28. Suppose -3*i - 6 = 0, 2*z + v = -2*z - 2*i. Let d(u) = -13*u + 3. What is the tens digit of d(z)?
5
Let s(c) be the third derivative of c**4/3 + c**3 - 5*c**2. Let u be s(-1). What is the tens digit of (1 - (2 + u))/((-1)/(-12))?
1
Let v(g) = -21*g**3 - 8*g**2 - 10*g + 16. What is the tens digit of v(-7)?
9
Suppose -i - 186 = -67. Let n be (-34)/(3/(-6) + 1). Let p = n - i. What is the units digit of p?
1
Let c = 8 - 3. Suppose l + c = 123. What is the hundreds digit of l?
1
Let s = 20689 + 32336. What is the hundreds digit of s?
0
What is the tens digit of ((-3 + 2)*30860/(-50))/(4/10)?
4
Let a(z) = z**2 - 27*z + 26. Let d be a(14). Let g = 26 - d. Suppose -7*l + 5*l - g = -c, 2*l = 4*c - 740. What is the hundreds digit of c?
1
Suppose -f - 2*v - 103 = 0, -5*v = 5*f - 8*v + 528. Let g = 95 + f. What is the tens digit of 1 + -18*g/3?
6
Suppose 0 = -199*i - 5433941 + 8937609 + 6029228. What is the thousands digit of i?
7
What is the hundreds digit of 35712 + (-16 + 7)/(-9)*(-3 - -1)?
7
Let d be ((-15687)/42)/(6/(-8)). Let r be (-15)/3*2/(-5). Suppose -d = -r*m - m. What is the hundreds digit of m?
1
Let y = 19 + -11. Let d(l) = -11 + l**2 + 2 - 2 + y*l - 14. What is the tens digit of d(-14)?
5
Suppose 19*h - 13*h - 54 = 0. Suppose h*f = 2*f. Suppose 3*t - 275 = -2*t + j, -2*t - 3*j + 110 = f. What is the tens digit of t?
5
Let r(i) = -28*i**2 - 88*i - 7. Let n be r(-3). Suppose 5*t - 25*o + 30*o = 9105, 4*t - 7302 = n*o. What is the units digit of t?
3
Suppose 60*q - 98*q = -217854. What is the tens digit of q?
3
Suppose -15*o + 27*o - 372 = 0. Let s = -24 + o. What is the units digit of s?
7
Let y be -5 + (-820)/(-15) + 4/12. Let o = y + 157. What is the units digit of o?
7
Let j(l) = 2*l**2 - 2*l + 8. Let o be 27/6*(-12)/9 - 2. What is the hundreds digit of j(o)?
1
Let m = 5131 + -4212. What is the hundreds digit of m?
9
Let m be (97/3)/(5*8/3840). Let f = m - 2125. What is the hundreds digit of f?
9
Suppose 2*i + 2*f = -182, 3*f - f = -3*i - 270. Suppose -107*l + 16802 + 2458 = 0. Let u = i + l. What is the tens digit of u?
9
Let v(m) = 49*m**2 + 162*m + 30. What is the thousands digit of v(5)?
2
Suppose -3*w = -7*a + 4*a - 39, w = -a + 9. Let f be w + 1060 - (1 + 0). Suppose 22*j - f = 844. What is the tens digit of j?
8
Let s(z) = -z**2 + 4*z - 1. Let q be s(3). Let g(o) = -o + 6*o**q - 12 - 2*o - 5*o**2. What is the tens digit of g(-5)?
2
Suppose -j - 26*j = -6831. Suppose -j - 887 = -15*c. What is the tens digit of c?
7
Let d(s) = -s**3 - s**2 - s + 233. Let y be d(0). Let i be ((-27)/12)/(6*1/(-8)). Suppose -i*z + 268 + y = 0. What is the hundreds digit of z?
1
Suppose 555 - 1666 = g. Let t = -645 - g. What is the hundreds digit of t?
4
Suppose -5 + 140 = 3*j + 5*y, j = 3*y + 31. Let x = 249 + j. What is the units digit of x?
9
Let m(d) = -1670*d + 7. Let j be m(-4). Suppose j = 20*a + 747. What is the tens digit of a?
9
Suppose 178*u = 181*u + 6, 4*j + 3*u = 21378. What is the tens digit of j?
4
Suppose -8*q - 92125 = -16*q - 3*q. What is the thousands digit of q?
8
Suppose -k = -4*p - 0*p - 49, 58 = -5*p - 2*k. Let n = 49 - p. Suppose -166 = -f - n. What is the units digit of f?
5
Suppose -35532 + 10155 = -3*q. What is the tens digit of q?
5
Suppose 0 = m - 16 + 11. What is the units digit of 2/m - -3253*1/5?
1
Let q(s) = 3051*s - 2066. What is the ten thousands digit of q(15)?
4
Suppose -16*i + 141159 = -61817. What is the units digit of i?
6
Let x = 24 - 26. Let a be 3/1*x/(-4)*-106. Let k = -5 - a. What is the hundreds digit of k?
1
Let t be 105/28 - (-3)/12. Suppose 5*k - 2*g = -5 + 27, -t*g = 4*k - 12. Suppose -6*b + 4*b = 6, k*b = z - 69. What is the units digit of z?
7
Suppose 0 = -4*i + 3*g - 39, 4*i - 3 = -2*g - 17. Let a be -1 + 1 - 16/(-2). What is the hundreds digit of i/a + (-3177)/(-12)?
2
Suppose -p = 4*p - 2*p - 35469. What is the ten thousands digit of p?
1
Suppose 0*u = -u - 2, -60 = -4*w - 4*u. Let h = -11 + w. Suppose 0 = -h*x - 423 + 1203. What is the units digit of x?
0
Let h = 8903 - -77. What is the thousands digit of h?
8
Suppose -282*x + 259*x = -265213. What is the tens digit of x?
3
Suppose 576*m - 28 = 572*m. Let z be 585/(-6)*(-8)/6. Suppose 0 = m*k - z - 717. What is the tens digit of k?
2
Suppose 9*t - 304349 = -27608. What is the thousands digit of t?
0
Let i(f) = -f**3 + 2*f**2 + 6*f - 2. Let k be i(-3). Suppose 7*o - k - 38 = 0. Suppose -10*g = -o*g - 119. What is the tens digit of g?
1
Let m(w) be the first derivative of 47*w**3 + 3*w**2 + 5*w - 42. What is the tens digit of m(-1)?
4
Suppose -49*t = -41*t - 72. Suppose -7*h = -t*h + 752. What is the tens digit of h?
7
Let n = -2377 - -3749. Suppose 0 = -5*g + 4*j + n + 3359, -4*g = -4*j - 3788. What is the tens digit of g?
4
Let b(g) = 31*g**2 - 20*g + 408. What is the tens digit of b(23)?
4
Let f = 727 + -735. Let i(q) = 2*q**2 - 4*q - 6. Let t be i(11). Let d = t - f. What is the hundreds digit of d?
2
Let y be -1*2*6/(1 + -4). Suppose y*l = -l + 1775. What is the hundreds digit of l?
3
What is the hundreds digit of 2*(-829)/2*(4 + -15)?
1
Let o(x) = -x**3 - x**2 + 6*x + 143. Let k be (-4)/(-2 + -1 + 2). Suppose y - 1 = 5*d + 3, -k = -3*d - y. What is the units digit of o(d)?
3
Suppose -32 = w + 4*z, -2*z = -5*w - 4*z - 124. Let s(r) = -2*r + 126. What is the units digit of s(w)?
4
Let z be 305 + (1/2 - (-35)/10). Suppose 2*s = -p + z, 3*s = 3*p - 217 - 665. What is the hundreds digit of p?
2
Let m(d) = 86*d**2 + 6*d + 24. Let f be m(-5). Suppose -13*i = -17*i + f. Suppose 3*n = 2*x - 273, i = 4*x - 5*n + n. What is the hundreds digit of x?
1
Let z = -9 + 90. Suppose 0 = 5*c - 9*c + 40. Suppose c*g - z = g. What is the units digit of g?
9
Let x be 91/21*4*(-21)/(-2). Suppose -101 = -2*a - u, -3*a + x - 17 = -3*u. What is the units digit of a?
2
What is the thousands digit of (-1157)/((49/21)/(-7))?
3
Let h(s) = 5353*s - 3764. What is the units digit of h(14)?
8
Let h(p) = p**3 + 79*p**2 + 277*p - 152. What is the thousands digit of h(-72)?
6
Let g be 0 + 142/((-2)/(-1)). Let z = g + -53. Suppose 4*m = u + 59 + z, 5*m + 3*u - 109 = 0. What is the units digit of m?
0
Let l(f) = 83*f + 29. Let s be l(-6). Let g = s + 892. What is the units digit of g?
3
Suppose 2*u + 43 + 23 = 0. What is the tens digit of (u/(-15) - 2) + (-8595)/(-25)?
4
Suppose -r = -2*u + u - 11, 5*r + u = 61. Suppose 42 = 6*a - r. What is the tens digit of 120 + 0*(-3 - (-24)/a)?
2
Let z = 43 + 2733. What is the hundreds digit of z?
7
Let q(h) = 2*h**3 - 2*h**2 - 10*h - 11. Let u be q(5). Suppose -3*s - f + 492 = u, 3*s = -3*f + 345. What is the hundreds digit of s?
1
Suppose -3*h = -3*g - 3 - 18, 10 = 5*g. Suppose 0 = -5*c + h + 16. Suppose z - 3*p + 138 = c*z, -4*p + 28 = z. What is the tens digit of z?
3
Let f(z) = z**3 + 16*z**2 - 5*z + 4. Suppose d = -5*m - 90 + 34, 3*d + 58 = -5*m. What is the hundreds digit of f(m)?
6
Suppose 5*d - 4147 = -7*q, 0*d - 2*d + 586 = q. What is the tens digit of q?
9
Suppose 2*s = -5*s. Suppose s = -27*a + 32*a + 5. What is the hundreds digit of a/(9/(-24))*(-213)/(-4)?
1
Suppose -729*l = -775*l + 154422. What is the thousands digit of l?
3
Let h = 122159 - 52262. What is the hundreds digit of h?
8
Suppose 588665 = 14*l + 28*l + 35*l. What is the thousands digit of l?
7
Suppose 103*b - 4936 = 102*b. What is the units digit of b?
6
Let b = -4645 + 7892. What is the units digit of b?
7
Suppose 3*y + 3*m - 23441 = -4463, -3*y + 5*m = -19018. What is the units digit of y?
1
Let x(w) = -30*w - 1181. What is the units digit of x(-73)?
9
Let m be (-206080)/288 + 44/(-18) + 2. Let n = m + 839. What is the tens digit of n?
2
Suppose -9*h = 2*a - 7*h - 12924, -2*h = 10. What is the thousands digit of a?
6
Let m(o) = -2*o**3 - 13*o**2 - 23*o. Let y be m(-7). Suppose 2*x = 2*z + x - y, 3*z + 2*x = 315. What is the units digit of -8*(-26)/28 + (-45)/z?
7
Let l(q) = -14*q - 6. Let g = -128 - -196. Let k = g - 70. What is the tens digit of l(k)?
2
Suppose -2*t + t = 344. Let s = -161 - t. What is the hundreds digit of s?
1
Let b(g) = 7833*g - 2549. What is the tens digit of b(6)?
4
Suppose 4*z - 67 = n, -4*n = 3*z - 2*